ne x(-6).
-27
Let k(g) = -g**3 + 2*g**2 + 2*g - 1. Calculate k(4).
-25
Let r(v) = v**3 - 3*v**2 + 3*v - 1. Give r(2).
1
Let z(d) = -d**3 + 18*d**2 - 17*d - 2. Give z(17).
-2
Let k(r) = -r - 12. Calculate k(-2).
-10
Let z(q) = 14*q - 315. Calculate z(23).
7
Let i(p) = 16*p**2 - 15*p + 16. What is i(1)?
17
Let h(y) = y**3 - 6*y**2 - y - 4. Calculate h(6).
-10
Let b(c) = -c**3 - 8*c**2 - 8*c - 13. Determine b(-7).
-6
Let l(z) = -z**2 - 13*z - 11. Calculate l(-10).
19
Let x(f) = -f**3 - f**2 - f + 10. Determine x(0).
10
Let m(j) = 8*j + 139. Give m(-20).
-21
Let r(k) = k**3 + k**2 + 86. Give r(0).
86
Let o(z) = 16*z - 22. What is o(6)?
74
Let c(t) = t**3 + 12*t**2 + 14*t + 17. Give c(-11).
-16
Let i(y) = -33*y - 122. What is i(-3)?
-23
Let l(z) = -2*z**2 - 8*z + 5. Determine l(-7).
-37
Let i(w) = -2*w - 9. Give i(11).
-31
Let u(b) = -9*b - 2. What is u(1)?
-11
Let q(t) = t**3 + 3*t**2 + 2*t + 1. Give q(-3).
-5
Let t(l) = -l - 15. What is t(-10)?
-5
Let g(a) = 36*a**2 - a - 1. Calculate g(-1).
36
Let s(l) = -l**2 - 6*l + 4. Give s(-8).
-12
Let q(h) = -h**3 + 2*h**2 - 2. Calculate q(0).
-2
Let g(n) = 4*n - 5. Determine g(3).
7
Let c(h) = -h**2 - 9*h - 15. Calculate c(-2).
-1
Let s(w) = 5*w**3 - 1. Calculate s(-1).
-6
Let l(g) = -48*g - 2. What is l(-1)?
46
Let n(j) = j**2 + 3*j - 5. What is n(-4)?
-1
Let u(a) = 13*a. Calculate u(3).
39
Let a(x) = x**2 - 2*x + 2. Give a(1).
1
Let g(v) = v**3 + v**2 + v + 70. Calculate g(0).
70
Let f(u) = -2*u**2 + 24*u - 7. What is f(14)?
-63
Let f(j) = 4*j**3 + 2*j**2 + j. Calculate f(-1).
-3
Let f(o) = -o**3 - 5*o**2 + 14*o + 5. Calculate f(-7).
5
Let k(s) = 4*s + 2. What is k(-5)?
-18
Let h(d) = -d**2 + 12*d + 33. Determine h(14).
5
Let z(b) = 11*b**2 + 113*b + 24. Calculate z(-10).
-6
Let v(g) = g**3 + 19*g**2 - 21*g - 23. Determine v(-20).
-3
Let g(h) = h**2 - 6*h - 6. Give g(6).
-6
Let k(l) = -33*l + 295. What is k(9)?
-2
Let c(u) = -u**2 + 2*u + 9. Determine c(5).
-6
Let r(d) = -33*d**2 - 6*d + 3. Calculate r(2).
-141
Let f(b) = b**3 - 5*b**2 - 8*b - 5. What is f(6)?
-17
Let a(t) = t**2 - 3*t - 15. Give a(-3).
3
Let p(s) = -s - 15. Calculate p(-6).
-9
Let o(c) = 7*c - 95. Give o(15).
10
Let d(t) = -6*t - 10. Give d(-4).
14
Let f(y) = y**2 - 17*y - 12. Give f(15).
-42
Let a(z) = -2*z - 38. Determine a(-21).
4
Let f(q) = q**3 - 9*q**2 + 3*q + 9. Give f(8).
-31
Let h(x) = 10*x**2 - 4*x + 4. Determine h(3).
82
Let f(p) = 7*p - 12. What is f(4)?
16
Let t(h) = -55*h**3 + h**2 - h - 1. What is t(-1)?
56
Let y(d) = -3*d - 6. Determine y(-7).
15
Let d(z) = z**2 + 34*z + 53. Give d(-32).
-11
Let l(s) = -4*s - 24. Determine l(4).
-40
Let h(p) = 15*p - 104. Give h(10).
46
Let w(o) = -o**2 - 4*o + 14. What is w(3)?
-7
Let a(y) = y + 17. What is a(-8)?
9
Let h(m) = -m**3 - 24*m**2 - 47*m + 37. Determine h(-22).
103
Let m(o) = -13*o**2 + o + 2. What is m(2)?
-48
Let f(q) = -q**3 + 5*q**2 - 8*q + 2. Give f(2).
-2
Let x(g) = 25*g - 20. Give x(2).
30
Let d(r) = -6*r + 10. Give d(3).
-8
Let n(y) = y**3 - y**2 - 2*y - 24. Calculate n(0).
-24
Let w(a) = 19*a + 239. What is w(-13)?
-8
Let d(n) = 21*n**2 + 2*n - 2. Determine d(-2).
78
Let f(c) = -10*c**2 - 1. What is f(-1)?
-11
Let c(l) = -l**3 + 2*l**2 + l + 3. Determine c(3).
-3
Let y(p) = -2*p + 25. Determine y(5).
15
Let p(l) = l**3 + 5*l**2 + 3*l - 3. What is p(-5)?
-18
Let z(m) = m**3 + 6*m**2 - 7*m + 2. Calculate z(-7).
2
Let u(j) = -j**2 - 42*j - 244. Determine u(-35).
1
Let b(k) = k**3 + 5*k**2 + 6*k. Calculate b(-3).
0
Let t(j) = -j**3 - 17*j**2 + 17*j - 26. Give t(-18).
-8
Let r(c) = 8*c - 8. What is r(0)?
-8
Let r(g) = g**2 + 12*g - 13. What is r(-10)?
-33
Let l(y) = -y**3 + 17*y**2 - 14*y - 5. Give l(16).
27
Let v(u) = u**3 + 8*u**2 + 8*u + 15. Determine v(-7).
8
Let g(n) = -n**3 + 13*n**2 - 2*n + 16. What is g(13)?
-10
Let b(m) = -2*m - 3. What is b(-4)?
5
Let g(a) = a**2 - 3*a - 80. What is g(-8)?
8
Let i(w) = w**3 - 8*w**2 + 7*w - 7. Give i(7).
-7
Let f(n) = -2*n**3 + 2*n**2 + 4*n + 2. Determine f(-2).
18
Let r(f) = f**3 - 10*f**2 - 38*f - 17. Calculate r(13).
-4
Let f(h) = 7*h**2 - 2*h - 2. Calculate f(3).
55
Let k(j) = -6*j**2 - 5*j. What is k(1)?
-11
Let z(n) = 2*n**2 + 120*n - 230. Determine z(-62).
18
Let d(g) = 3*g**2 + 8*g - 17. What is d(-5)?
18
Let t(d) = -d**2 - 24*d + 56. Determine t(-24).
56
Let x(o) = -o**3 + 12*o**2 - o + 40. What is x(12)?
28
Let d(s) = -4*s**2 - 9*s - 26. Give d(-4).
-54
Let g(j) = -j**3 + 15*j**2 + 15*j + 6. What is g(16)?
-10
Let l(c) = -6*c - 5. What is l(7)?
-47
Let l(g) = g**2 - 10*g - 20. Give l(12).
4
Let h(a) = a**2 + 10*a + 40. Determine h(-3).
19
Let a(p) = -15*p - 5. Calculate a(-1).
10
Let u(z) = z**2 + 5*z + 5. Calculate u(-8).
29
Let d(b) = 3*b**2 - 9. What is d(0)?
-9
Let t(c) = 2*c - 4. What is t(-4)?
-12
Let o(j) = -j - 9. Calculate o(-21).
12
Let q(s) = -9*s + 168. What is q(19)?
-3
Let k(i) = 13*i**2 - 15*i + 13. Give k(1).
11
Let q(v) = 2*v**2 + 8*v + 4. Determine q(-4).
4
Let a(s) = -2*s**3 - 5*s**2 - 2*s + 5. What is a(-4)?
61
Let g(b) = 6*b**2 - 64*b + 44. Give g(10).
4
Let s(z) = -5*z**2 + 4*z - 2. Determine s(3).
-35
Let z(v) = v**3 - 14*v**2 + 14*v - 18. Calculate z(13).
-5
Let k(t) = -3*t + 14. What is k(6)?
-4
Let g(x) = -x**3 - 20*x**2 + 7*x + 17. Give g(-20).
-123
Let x(a) = -18*a**2 + a + 2. Determine x(-1).
-17
Let t(i) = i**3 - 6*i**2 - 25. Give t(6).
-25
Let k(i) = -i**2 + 16*i + 14. What is k(16)?
14
Let w(c) = -c**3 + 2*c - 3. What is w(2)?
-7
Let t(s) = 2*s - 8. What is t(6)?
4
Let n(v) = 2*v**3 + 3*v**2 + 3*v + 3. Calculate n(-2).
-7
Let w(v) = v**2 - 8*v. Give w(5).
-15
Let l(i) = -i - 6. Give l(-5).
-1
Let k(j) = -j**2 - 10*j - 6. Give k(-8).
10
Let a(f) = f**3 - 7*f**2 - 19*f + 17. Determine a(9).
8
Let y(v) = -v**2 - 24*v - 51. Determine y(-21).
12
Let h(f) = 16*f + 3. What is h(3)?
51
Let v(x) = -x + 23. Determine v(15).
8
Let w(d) = -2*d**2 + 39*d - 66. What is w(18)?
-12
Let j(r) = -7*r**3 + 44*r**2 - 14*r + 3. Determine j(6).
-9
Let m(v) = -2*v**2 - 34*v + 24. Calculate m(-18).
-12
Let q(b) = b**2 - 14*b + 44. Give q(4).
4
Let i(m) = -11*m + 8. Give i(3).
-25
Let k(y) = -2*y + 43. Determine k(14).
15
Let w(d) = -d**2 + 11*d - 13. Calculate w(8).
11
Let c(p) = -p**3 - 3*p**2 - 2*p - 8. Give c(-4).
16
Let v(o) = -3*o - 1. Calculate v(-2).
5
Let c(l) = -l**3 + 8*l**2 + 8*l + 9. Calculate c(9).
0
Let k(t) = -t**2 - 4*t - 3. Determine k(-4).
-3
Let q(k) = k**2 - 15*k + 9. Determine q(15).
9
Let b(d) = 2*d + 10. Determine b(2).
14
Let b(s) = s**3 + 25*s**2 + 24*s + 1. What is b(-24)?
1
Let j(c) = 6*c**2 - 4*c - 5. Give j(-2).
27
Let v(d) = d**3 - 5*d**2 + d - 1. Determine v(5).
4
Let f(c) = 6*c - 77. Calculate f(12).
-5
Let f(g) = g**3 - 2*g**2 - 6*g. Determine f(-2).
-4
Let x(o) = o + 6. Calculate x(0).
6
Let c(t) = -8*t**2 - 8*t - 15. Give c(-2).
-31
Let z(t) = t**2 - t + 35. Give z(0).
35
Let y(u) = -u**3 - 11*u**2 - 19*u - 14. Calculate y(-9).
-5
Let t(f) = f**2 + 41*f - 379. Calculate t(-49).
13
Let c(z) = -z**3 + 9*z**2 - 11*z + 7. Calculate c(7).
28
Let v(p) = p**3 + 6*p**2 - 2*p + 3. Determine v(-6).
15
Let d(l) = -l**3 - 5*l**2 + 6*l + 1. Give d(-6).
1
Let f(h) = -13*h + 45. What is f(12)?
-111
Let c(r) = 15*r**2 + 76*r - 1. What is c(-5)?
-6
Let v(l) = -2*l**3 + 18*l**2 - 5*l + 16. Give v(9).
-29
Let p(g) = -g**2 + 16*g + 7. Give p(12).
55
Let s(b) = b**3 - 2*b**2 - 5*b. Determine s(3).
-6
Let r(a) = -26*a**3 + a**2 - a + 1. Calculate r(1).
-25
Let k(i) = 4*i**2 - 26*i + 15. Give k(6).
3
Let m(o) = o**2 + 29*o - 349. Determine m(-38).
-7
Let b(x) = x**3 + 21*x**2 + 3*x + 48. Give b(-21).
-15
Let i(f) = f**3 - 18*f**2 - 17*f - 31. Give i(19).
7
Let h(l) = 2*l**2 - 4*l + 3. Give h(3).
9
Let g(q) = 3*q**3 - q**2 + 1. Give g(-2).
-27
Let z(a) = 2*a + 50. Calculate z(6).
62
Let l(w) = 10*w + 156. Calculate l(-16).
-4
Let d(u) = -7*u - 55. Calculate d(-8).
1
Let c(y) = -3*y**2 - 4*y + 4. Calculate c(3).
-35
Let p(x) = 12*x + 14. Calculate p(-4).
-34
Let z(a) = -6*a**2 + 3*a - 2. Determine z(-2).
-32
Let x(r) = 6*r + 224. What is x(-40)?
-16
Let c(j) = -3*j**2 + 98*j + 23. Calculate c(33).
-10
Let i(t) = -3*t - 4. Calculate i(-6).
14
Let h(s) = -s**2 + 6*s + 15. Determine h(8).
-1
Let x(o) = 9*o**3 - 3*o - 3. Give x(-1).
-9
Let l(f) = -3*f**2 + 19*f - 57. What is l(4)?
-29
Let f(n) = n**